). Let a be q(5). Is w(a) prime?
False
Let l = 0 - -2. Suppose -l*v = -3*o - 41, -v + 49 = -3*o - 3*v. Let t = o - -25. Is t composite?
True
Let p = 0 + 6. Let i = p + -8. Is (-77)/(1 + i + 0) a composite number?
True
Let z(b) = -6*b + 1. Let g be 10/(-25) + (-227)/(-5). Suppose m - g = 6*m. Is z(m) prime?
False
Is 28/(-154) - 1698/(-22) a prime number?
False
Suppose -7*q + 2*q = -355. Let f = q - 46. Is f a prime number?
False
Let s(l) = -l + 153*l**2 + 68*l**2 - 61*l**2. Is s(-1) a prime number?
False
Let r be (-92)/5*(-7 - -2). Is 1/4 - r/(-16) prime?
False
Suppose 185 = -4*n + 1221. Is n a prime number?
False
Let k(j) = 30*j - 5. Let r be k(4). Let q(y) = -2*y + 3. Let s be q(-1). Suppose -r = -s*n - 3*t, 0*t = -t - 5. Is n prime?
False
Let p(j) be the second derivative of j**4/12 + 2*j**3/3 + 5*j**2/2 + 3*j. Is p(4) composite?
False
Suppose 8180 = -8*b + 13*b. Is (b/6)/(4/6) prime?
True
Let n be 0/(((-12)/(-3))/(-4)). Let a = 7 - -12. Suppose 4*b - 277 - a = n. Is b composite?
True
Let r(w) = -w**3 + 2*w**2 + 2*w + 1. Suppose 0 - 4 = 4*a. Let l be r(a). Suppose 230 = -0*y + l*y. Is y a composite number?
True
Let j(p) = -p. Let c be j(-5). Suppose 5*g - c*l - 165 = 0, -l + 55 = -3*g + 162. Is g prime?
True
Is 398/12 + 15/(-90) a composite number?
True
Let g be (1 - 2) + -2 - -10. Let r = 7 + g. Let q = 23 + r. Is q a prime number?
True
Let b = 155 + 240. Is b a prime number?
False
Let l(n) = 163*n. Suppose d + 1793 = 2*d. Let r(k) = -48737*k. Let x(o) = d*l(o) + 6*r(o). Is x(-1) a composite number?
False
Suppose -5*d + 3 = -4*d. Is 3184/d + (-2)/6 a composite number?
False
Suppose 6*q - 2*q = 24. Let z be 207/q*(-4)/3. Is z*(-1)/(2/5) a prime number?
False
Let d = 9 - -28. Is d a composite number?
False
Let u = 587 - 206. Is u a prime number?
False
Let m = 6 + -6. Suppose m = -3*x - 2*x + 245. Is x a composite number?
True
Let s(k) = -3*k + 4*k + k + 0 - 5. Let n be s(4). Suppose n*w - 65 = 2*w. Is w composite?
True
Suppose -3*i + 408 = -3*d, -i - 3*d + 0*d = -116. Is i composite?
False
Let y = 389 + -1306. Let t = y + 1318. Is t a composite number?
False
Let a = 817 + -478. Is a prime?
False
Let q(d) = -8*d - 9. Is q(-17) a composite number?
False
Suppose 3656 - 935 = 3*u. Is u composite?
False
Suppose 4*j - 762 - 274 = 0. Is j prime?
False
Suppose -k - q - 4*q - 5 = 0, 3*q - 14 = -4*k. Suppose 10*l + 5*s - 1155 = 5*l, k*l - 1173 = 4*s. Is l a composite number?
False
Suppose 1 + 1 = 2*d. Is d/(-1)*258/(-6) a prime number?
True
Let z(i) = -122*i. Let b be z(-3). Suppose -m = 2*m - b. Suppose -4*o + u = -m, 25 + 39 = 2*o + u. Is o a composite number?
False
Is (-6)/2 + 36*9 composite?
True
Let d be 7/(-1 - (0 - 0)). Let p be (d + 7)*(-1)/(-2). Suppose -2*m + 46 = 5*c, -m + 6*m - c - 61 = p. Is m a composite number?
False
Let k(b) = -3*b + 2*b + 5*b - 3 + 12*b**2. Is k(2) a composite number?
False
Suppose 5*s = 5*k + 270, -k + 3*s - 18 = 26. Let f = -2 + 10. Let w = f - k. Is w a composite number?
False
Is 332 - (5 - 8/2) a composite number?
False
Let h(f) = f**3 - 2*f**2 + 2*f + 7. Is h(3) a composite number?
True
Let s be 0*-2*2/8. Suppose s*m = 5*m - 565. Is m a composite number?
False
Let d be (1 - 2)/(2/(-1814)). Let h = d + -1419. Let k = -349 - h. Is k prime?
True
Let s = -362 - -549. Is s prime?
False
Suppose v = 50 + 29. Is v a prime number?
True
Suppose 5*h - 5*w - 40 = 0, 3*h - 39 = -5*w + 17. Let u = h - -7. Is u prime?
True
Let f = 319 - 62. Is f prime?
True
Let s(q) = q + 8. Let k = -8 - -14. Let j be -2 + k/3*-2. Is s(j) prime?
True
Suppose -4*b = -5*b + 2. Suppose -3*x - b*m + 637 = 68, -354 = -2*x + 5*m. Is x a prime number?
False
Let x be ((-2)/4)/(1/(-8)). Suppose -4 - x = -4*r. Suppose 4*v - 4*m - 480 = 0, 0*m + 239 = r*v - m. Is v prime?
False
Let u(w) = -w**2 - 13*w - 5. Let b be (60/18)/((-2)/3). Is u(b) a prime number?
False
Let h(c) = 99*c - 1. Let a(b) = -100*b. Let l(d) = -6*a(d) - 7*h(d). Let g be l(5). Is 16/24 - g/6 composite?
True
Let d = 14 + -12. Is 312 + (d - 6) + -1 prime?
True
Suppose 9 = 7*j - 4*j. Let w = j - -206. Is w a prime number?
False
Let y(a) = -33*a + 10. Let h be y(-8). Suppose 5*x - h = 16. Is x prime?
False
Let n(u) = u**3 + 5*u**2 - 4*u. Let s be n(-6). Let y be (6*-1)/((-8)/s). Let r = -6 - y. Is r a composite number?
False
Let n(z) = -78*z**3 - 1. Suppose 0 = 5*o - 2*a - 5, -a - 4 = -o - 0*a. Is n(o) a prime number?
False
Suppose 4*n - 547 - 457 = 0. Is n a prime number?
True
Let g = -1 - 7. Let w(o) be the second derivative of o**5/20 + 7*o**4/12 - 3*o**3/2 + o**2 + o. Is w(g) a composite number?
True
Suppose 2*b + 12 = -6. Let t = 13 + b. Suppose 882 = t*v + 5*o, 2*o - 1109 = -5*v - o. Is v a prime number?
True
Suppose -4*f - 1 = 11, 374 = o - 5*f. Is o a composite number?
False
Suppose 0 = 2*s - 0*s - 3*z - 214, 2*s - 5*z = 206. Is s a prime number?
True
Let q be 1*-1 + (6 - 5). Suppose -5*v + 20 = -q*v. Let w = v - -10. Is w prime?
False
Suppose 0 = 5*f - w - 554, -f - 5*w + 116 = -0*w. Is (f/(-1))/(21/(-14)) a prime number?
False
Let u(c) = -8*c - 2. Let p be u(-8). Let t(q) = q**3 - q**2 - 5*q + 3. Let g be t(4). Let z = p + g. Is z a composite number?
True
Suppose -7 - 9 = x. Let s be 28/x*2*2. Let k(j) = j**3 + 7*j**2 - j + 8. Is k(s) a prime number?
False
Let c(y) = y**3 + 7*y**2 - 4*y - 3. Suppose -v + 5*l - 3 = -2, -l - 19 = 3*v. Is c(v) a prime number?
False
Let s = 6 + -6. Is (-4)/8*(-22 - s) composite?
False
Is ((-13345)/51)/(2/(-6)) prime?
False
Let r(q) be the third derivative of q**5/60 + q**3 - 3*q**2. Is r(4) prime?
False
Let r = -37 - -14. Let j(f) = 14*f**2 - f. Let v be j(2). Let m = v + r. Is m a composite number?
False
Let b(y) = y**3 - 20*y**2 + 10*y - 20. Is b(21) prime?
True
Let c(i) = 50*i**2 - 4*i + 2. Is c(2) prime?
False
Suppose -4*y - 170 - 183 = -3*l, -4*y + 242 = 2*l. Is l a composite number?
True
Suppose 2*b - 1370 = 2*r, 5*r = 2*r + 6. Let m = -268 + b. Is m a composite number?
False
Let m = 476 - 237. Is m prime?
True
Let k(d) = d + 1. Let o be k(1). Suppose -3*h = o*h - 85. Let p = -4 + h. Is p a prime number?
True
Suppose 0 = -h + 5*d + 1023, -2*h + 3*d + 2486 = 412. Is h a prime number?
False
Let d(l) = -l**2 - 3*l + 2. Let h be d(-3). Suppose 0 = -h*k - 5*b + 120, 93 + 13 = 2*k - 2*b. Is k prime?
False
Let v(p) be the second derivative of -p**5/60 - p**4/3 - 2*p**3/3 - p**2/2 + 2*p. Let w(m) be the first derivative of v(m). Is w(-5) prime?
True
Let w(m) be the first derivative of m**4/4 + 2*m**3 + 5*m**2/2 - 1. Let g be w(-5). Suppose -5*l + 35 = -g*l. Is l a composite number?
False
Let w(b) = b**3 + 14*b**2 - 15*b + 2. Let h = 9 + -22. Let l be w(h). Suppose -5*j = -689 - l. Is j a composite number?
False
Let b = 551 + 22. Is b a composite number?
True
Suppose 0 = 2*m - 4*m - 824. Let u = 993 + m. Is u prime?
False
Suppose 3*n = a - 286, 0*n - 208 = 2*n - 5*a. Let y = 1 - n. Is y a prime number?
False
Let j = -267 - -518. Is j prime?
True
Is (-141*1)/(10 - 11) prime?
False
Suppose -2*m = -2*y - 1582, -3*y = -m - 5*y + 791. Is m a prime number?
False
Is 2/(-2)*(1 - 210) prime?
False
Suppose 0 = d + 2*r - 10, 0 = -d - 0*d - 5*r + 10. Let o = d + -7. Suppose -o*g = -0*g - 561. Is g prime?
False
Let q(u) = u + 3. Let s be q(-3). Suppose s = -v - 4*y - 19, -4*y + 0*y = -5*v + 1. Is 138/(-9)*v/2 composite?
False
Suppose -50 = 5*p + 2*b, -2*b - 25 = 3*b. Let x(z) = -z**3 - 6*z**2 - 2*z - 5. Is x(p) prime?
True
Let p(f) = f**2 + 3*f - 11. Is p(9) prime?
True
Is (4/6)/((-4)/(-294)) composite?
True
Let a = 62 + 83. Is a prime?
False
Let y = -22 - -31. Let c(w) = w**2 - 8*w - 2. Let h be c(y). Let v = h + 0. Is v prime?
True
Let t = 8 - 8. Is 89 + 1 + 1 + t prime?
False
Suppose -o = 2*o + 15, -5*o = 3*a - 572. Is a prime?
True
Let u(o) = -o**3 + 5*o**2 - 3*o - 2. Let q(b) = -b**2 - 3*b + 4. Let d be q(-3). Let k be u(d). Suppose -111 = -3*w - k*n, 0 = -0*n - n. Is w a prime number?
True
Let m(b) = 429*b. Let f be m(1). Let p = -34 + f. Suppose -3*v + 630 = 5*i - 2*i, -2*v + 3*i = -p. Is v a prime number?
False
Let b(x) = x - 6. Let a be b(-7). Let d = a - -8. Is d/(-10) + 362/4 composite?
True
Let j(z) = z**3 - 6*z**2 + 5. Suppose 0 = 2*s + s - 18. Let x be j(s). Suppose -2*u + 49 = -x*k - 39, -3*k = 12. Is u prime?
False
Suppose 11*p = 15*p - 140. Is p a